at is the greatest common divisor of o and 27?
27
Let x be (4/2)/(3/105). Let g be ((-4)/14 - (-265)/x)*10. What is the greatest common factor of g and 210?
35
Let x(d) = d**2 + 2*d - 5. Let i(c) = -6*c**2 - 10*c + 25. Let g(b) = -2*i(b) - 11*x(b). Let s be g(0). Calculate the highest common divisor of s and 1.
1
Let h be (0 - 0)/(16/4). Suppose h*k + 34 = k. What is the highest common divisor of 85 and k?
17
Suppose -16*o - 18 = -19*o. Suppose 0 = -4*x + 3*i + 208, 260 = 5*x + 7*i - o*i. What is the highest common divisor of x and 13?
13
Suppose -7590 = -22*d - 24*d. Calculate the greatest common factor of 715 and d.
55
Suppose 2*g - 5*n + 19 = 0, -2 = -5*g - 0*g - 4*n. Let o be (108/(-21))/(g/28). What is the highest common divisor of 8 and o?
8
Suppose -15*z = -79 - 701. Calculate the greatest common factor of z and 416.
52
Let j = 274 + -243. What is the highest common factor of j and 31?
31
Let q = -19 + 19. Suppose 989 = 6*p - p - w, -2*p - w + 397 = q. Calculate the greatest common factor of p and 18.
18
Suppose -4*f + w = -99, -3*w + 5*w + 98 = 4*f. Calculate the highest common factor of f and 425.
25
Let s be (-15 - (-1 + 2)) + 3. Let t be (s - 0) + 4/2. Let u be 54/8 - t/44. What is the highest common divisor of 7 and u?
7
Let s(m) = -88*m - 1. Let i be s(-2). Suppose 5 = 5*y, 3*f - 103*y = -100*y + 18. Calculate the greatest common divisor of f and i.
7
Let u be (-116)/(-3) - (4/3)/(-4). Calculate the greatest common divisor of u and 13.
13
Let w = 326 + -274. What is the highest common divisor of 117 and w?
13
Let l(r) = -r**2 - r + 20. Let i be l(0). Let a(x) = 5 - 3*x - 10*x + x**3 - 16*x - 13*x**2. Let o be a(15). Calculate the highest common divisor of i and o.
20
Suppose -5*u + 463 = -4*w, -190 = -2*u - 26*w + 30*w. Calculate the greatest common factor of u and 14.
7
Suppose -117663 = -87*w + 4746. Calculate the greatest common divisor of w and 7.
7
Let y be 5/((-20)/(-24))*(-170)/(-51). What is the highest common divisor of 68 and y?
4
Let c(h) = 4*h**2 + 7*h + 4. Suppose 2*n - 52 = 6*n. Let o = 9 + n. Let v be c(o). What is the highest common factor of 16 and v?
8
Let b be (-9)/(-6)*(-4)/(-3). Suppose b*i - 5*i - 6 = -k, 5*k - i = -12. Let c be -2 + 573/(k/(-1)). Calculate the highest common factor of c and 21.
21
Let j be 1110/14 + 2*(-2)/14. Suppose j*z = 76*z + 75. Calculate the highest common factor of 75 and z.
25
Let k = -15 + 21. Let c(d) = 5*d - k*d + 2 + 2 + 2. Let u be c(-15). What is the highest common divisor of 14 and u?
7
Suppose -4*d + 4*a + 436 = 0, -411 = -4*d - 11*a + 10*a. What is the highest common divisor of 65 and d?
13
Suppose -5*d + y + 14 = 5*y, y - 26 = -5*d. Let b be (-44)/(-33) + 280/d. Suppose -z + 8 = -4. Calculate the greatest common divisor of z and b.
12
Let i(m) = m**2 + 19*m + 52. Let c be i(-19). Calculate the greatest common divisor of c and 208.
52
Suppose -6*o = -15*o + 324. Calculate the greatest common factor of 174 and o.
6
Let o(a) = -2*a**2 - 1. Let f(z) = -z**2 + z. Let l(i) = -3*f(i) + o(i). Let k be l(8). Calculate the greatest common factor of k and 3.
3
Let q be 1 + (-1)/((-1)/642). Let l = -436 + q. Suppose 0*w - 23 = -w. Calculate the greatest common divisor of l and w.
23
Let x be 2*3/((-12)/(-22)). Let d(t) = 46*t - 1. Let v be d(1). Let p = -23 + v. Calculate the greatest common factor of p and x.
11
Suppose 14*j = -21*j + 1190. Calculate the highest common factor of j and 221.
17
Suppose -111*y = 5959 - 463834. Calculate the greatest common divisor of 33 and y.
33
Suppose -165 = -2*k + 3*g, 3*k - 3*g - 132 = 117. Suppose 4*c - 24 = 2*c. Calculate the greatest common factor of k and c.
12
Let b be (0/(1 + -2))/2. Suppose b = 5*f + 2*l - 50, 3*l - 30 = -3*f - l. What is the highest common factor of 25 and f?
5
Suppose 6*l - 24 = -2*l. Let f be (-6 + l)*312/(-9). Let j(m) = -14*m - 1. Let b be j(-1). What is the highest common factor of f and b?
13
Let g = 3 - 1. Let r(c) = c**g - 2*c + 2*c - 3 - 2*c - 4*c. Let u be r(9). What is the highest common factor of u and 24?
24
Let v = 91 + -95. Let b(z) = -17*z + 1. Let s be b(v). Calculate the greatest common divisor of 92 and s.
23
Let p = 23 + -17. Let g(w) = 5 - 4*w - w**2 - p - 13*w + 25. Let n be g(-18). What is the greatest common divisor of 9 and n?
3
Suppose 3*p + 4*a - 54 = 0, 2*p + 5*a + 8 - 37 = 0. Calculate the greatest common factor of p and 253.
11
Let t = -27 + 28. Suppose -4*j + 48 = 4*u, t = 3*u - 2*j - 10. Suppose -u*m + g = -3*m - 285, 0 = 4*g - 12. Calculate the highest common factor of m and 8.
8
Suppose -6*n - n = -21. Suppose -n*p + 36 = 6. What is the greatest common divisor of p and 90?
10
Suppose -2*c - 6*m + 1088 = -3*m, 0 = -3*c - 5*m + 1632. Calculate the greatest common divisor of c and 68.
68
Let d(a) = a**3 - 9*a**2 - 22*a + 9. Let v be 0 - (-7 + 18)/(2/(-2)). Let s be d(v). What is the highest common factor of s and 18?
9
Suppose -3*x + 34 = -326. Let r = 9 - 4. Suppose r*q + 24 = 99. Calculate the highest common divisor of x and q.
15
Suppose 56*b - 544 = 54*b. Calculate the greatest common divisor of b and 170.
34
Let i(c) = c**3 - c**2 + 3*c - 132. Let x be i(0). Let p = x + 155. What is the highest common divisor of 184 and p?
23
Let m = 14 - 11. Let n be (2/m)/(10/60). Suppose 7*x = 2*o + n*x - 19, -11 = -o + 3*x. Calculate the greatest common factor of 80 and o.
8
Suppose 1077*l = 1049*l + 54880. Calculate the highest common factor of 80 and l.
40
Let k be 72*(2 + 2/(-8)). Suppose -3*h - 10 = -52. What is the greatest common factor of h and k?
14
Let t be 32/12*1*108/16. What is the greatest common divisor of 576 and t?
18
Suppose -5 = -q - 5*v + 8, -5*v = 0. Suppose 3*k = 3*w + 291, -115 = w + 3*k + 2*k. Let j = 243 + w. What is the greatest common factor of q and j?
13
Let v(z) be the second derivative of -z**4/12 + z**3/2 + 90*z**2 - 6*z. Let j be v(0). What is the greatest common factor of 45 and j?
45
Suppose -21*y + 336 = 21*y. Let m be (-6)/(-5)*(-30)/(-3). What is the greatest common divisor of y and m?
4
Let v = -145 + 153. What is the greatest common factor of v and 376?
8
Let u(n) = -2*n - 3. Let l be u(-4). Suppose k - 121 = -l*t - 2*k, -4*t + 101 = k. What is the greatest common divisor of t and 65?
13
Let w(h) be the third derivative of h**4/12 - 2*h**3 + 3*h**2. Let t be w(12). Let c(l) = -10*l. Let g be c(-3). What is the greatest common divisor of t and g?
6
Suppose 44 = -3*k + 5*k. Let q = k + -9. Let a = -10 + q. What is the greatest common divisor of a and 1?
1
Let m = -49 + 0. Let o = 60 + m. Suppose -4*l - l = -5. Calculate the highest common factor of l and o.
1
Let a(g) = 18*g + 6. Let p be a(2). Calculate the greatest common factor of 546 and p.
42
Suppose -g + 43 = -5*d, -d - 220 = -4*g + 3*d. Suppose 0 = r - g + 44. Calculate the greatest common divisor of r and 28.
14
Suppose -2*c + 9 = c. Let h be 3/(-1) - (-13 - -7). Suppose -f + 17 = 2*i - c*i, 6 = -h*i. What is the highest common divisor of 6 and f?
3
Let m(g) = 40*g + 2. Let w(z) = -27*z - 1. Let x(v) = -5*m(v) - 8*w(v). Let n be x(8). What is the greatest common divisor of n and 14?
14
Suppose -48 - 102 = 3*x. Let p be (-3)/9 + x/(-6). Let o(g) = 140*g - 544. Let s be o(4). What is the greatest common factor of s and p?
8
Suppose 7*b - 58 - 467 = 0. What is the greatest common factor of 435 and b?
15
Let z be ((-186)/(-31))/((-4)/(-24)). Let g(u) = 36*u**2 + u - 3. Let f be g(3). What is the highest common divisor of z and f?
36
Suppose 4*t = 2 + 6. Suppose -t*u = u - 36. Let m(y) = 18*y - 294. Let p be m(17). What is the highest common factor of p and u?
12
Suppose 5*l + 2*m - 78 = 4*m, 0 = 2*l + 5*m - 37. Let y be ((-3)/3)/((-2)/l). What is the greatest common divisor of 20 and y?
4
Suppose 0 = -31*f - 4702 + 16637. What is the greatest common factor of f and 231?
77
Let s = 43 + -309. Let b be s/10 + 4/(-10). Let v = -13 - b. Calculate the highest common divisor of 126 and v.
14
Let q be (1*2)/((-4)/144). Let p = 117 + q. Suppose 3*l + 4*i - 3 = 0, -2*l - 3 = -4*i - 25. What is the greatest common divisor of l and p?
5
Suppose 5*z + 8*s - 3*s = 0, -3*z + 5*s = -16. Let k be (-20)/(-28) - (-6)/21. Calculate the highest common factor of k and z.
1
Let s(l) = -l**2 - 2*l - 1. Let k be ((-12)/(-10))/((-